276.
33
Calculate the remainder when 22287473 is divided by 133.
131
What is the remainder when 138486604 is divided by 395?
394
What is the remainder when 952026 is divided by 628?
606
What is the remainder when 461934440 is divided by 513?
512
Calculate the remainder when 786344 is divided by 786314.
30
Calculate the remainder when 53535 is divided by 821.
170
Calculate the remainder when 89965 is divided by 2783.
909
What is the remainder when 427083839 is divided by 80?
79
What is the remainder when 15579449 is divided by 7789718?
13
What is the remainder when 4638832 is divided by 3186?
16
Calculate the remainder when 535042527 is divided by 151.
150
Calculate the remainder when 51325 is divided by 3913.
456
What is the remainder when 68642 is divided by 23?
10
Calculate the remainder when 435718 is divided by 178.
152
What is the remainder when 10305334 is divided by 432?
406
What is the remainder when 139424 is divided by 10696?
376
Calculate the remainder when 26431 is divided by 314.
55
Calculate the remainder when 6203631 is divided by 3846.
33
What is the remainder when 2581729 is divided by 31104?
97
What is the remainder when 28218927 is divided by 2821889?
37
What is the remainder when 1970161 is divided by 520?
401
What is the remainder when 281193 is divided by 6667?
1179
Calculate the remainder when 1828434 is divided by 383.
375
What is the remainder when 5834773 is divided by 454?
419
What is the remainder when 6776 is divided by 5361?
1415
Calculate the remainder when 17724754 is divided by 4.
2
Calculate the remainder when 96544 is divided by 17784.
7624
What is the remainder when 3563119 is divided by 64772?
659
Calculate the remainder when 2641 is divided by 754.
379
Calculate the remainder when 4883114 is divided by 22.
16
Calculate the remainder when 1239680 is divided by 2370.
170
What is the remainder when 10069986 is divided by 283?
280
Calculate the remainder when 90704785 is divided by 244.
225
What is the remainder when 79823 is divided by 4201?
4
What is the remainder when 455560 is divided by 806?
170
Calculate the remainder when 6030245 is divided by 1208.
1117
Calculate the remainder when 87542176 is divided by 822.
820
What is the remainder when 194714532 is divided by 8557?
8554
What is the remainder when 1814903 is divided by 453709?
67
Calculate the remainder when 11377475 is divided by 1254.
1187
Calculate the remainder when 125939518 is divided by 1680.
1678
Calculate the remainder when 37983057 is divided by 1860.
1857
Calculate the remainder when 4258788 is divided by 6880.
68
What is the remainder when 390164 is divided by 389814?
350
Calculate the remainder when 530531 is divided by 66293.
187
Calculate the remainder when 29405063 is divided by 13.
12
Calculate the remainder when 2131501 is divided by 101472.
589
Calculate the remainder when 3959810 is divided by 3959798.
12
Calculate the remainder when 1368773 is divided by 1368693.
80
Calculate the remainder when 34674733 is divided by 34.
3
Calculate the remainder when 127722 is divided by 21287.
0
What is the remainder when 2416325 is divided by 63582?
209
Calculate the remainder when 710618 is divided by 7035.
83
Calculate the remainder when 100180 is divided by 25019.
104
Calculate the remainder when 969800 is divided by 139.
136
What is the remainder when 7662430 is divided by 189?
181
What is the remainder when 26413229 is divided by 223?
217
What is the remainder when 25827 is divided by 5107?
292
Calculate the remainder when 11098 is divided by 1654.
1174
What is the remainder when 34909826 is divided by 121?
116
What is the remainder when 179201 is divided by 22375?
201
Calculate the remainder when 30219378 is divided by 966.
0
Calculate the remainder when 35861 is divided by 1251.
833
What is the remainder when 3873570 is divided by 21052?
2
Calculate the remainder when 3062113 is divided by 3062111.
2
Calculate the remainder when 40505 is divided by 4337.
1472
Calculate the remainder when 26371 is divided by 3931.
2785
Calculate the remainder when 11889480 is divided by 253.
251
Calculate the remainder when 894554 is divided by 529.
15
What is the remainder when 845785749 is divided by 28?
25
Calculate the remainder when 1521704 is divided by 50.
4
What is the remainder when 399014 is divided by 1376?
1350
What is the remainder when 5370462 is divided by 1094?
16
Calculate the remainder when 6955706 is divided by 3477850.
6
What is the remainder when 27008880 is divided by 891?
888
What is the remainder when 1430109 is divided by 11819?
10
What is the remainder when 5423814 is divided by 152?
150
Calculate the remainder when 298006 is divided by 85.
81
What is the remainder when 23322987 is divided by 18584?
67
What is the remainder when 666842277 is divided by 43?
40
What is the remainder when 974732 is divided by 74967?
161
Calculate the remainder when 102079 is divided by 50.
29
What is the remainder when 16978845 is divided by 4244666?
181
Calculate the remainder when 43659 is divided by 1883.
350
Calculate the remainder when 28758460 is divided by 4210.
4160
What is the remainder when 3908684 is divided by 1835?
134
Calculate the remainder when 650307965 is divided by 130.
125
Calculate the remainder when 76482549 is divided by 58.
37
What is the remainder when 85858126 is divided by 10?
6
Calculate the remainder when 27285920 is divided by 649662.
116
Calculate the remainder when 26931067 is divided by 92.
91
Calculate the remainder when 924321 is divided by 17.
14
What is the remainder when 182352 is divided by 197?
127
Calculate the remainder when 916364 is divided by 183271.
9
What is the remainder when 4002446 is divided by 534?
116
Calculate the remainder when 1578384 is divided by 112723.
262
Calculate the remainder when 8412915 is divided by 2809.
2769
What is the remainder when 2303798 is divided by 460758?
8
What is the remainder when 1089497 is divided by 181?
58
Calculate the remainder when 109357 is divided by 53898.
1561
What is the remainder when 520323 is divided by 123?
33
What is the remainder when 16158784 is divided by 252481?
0
Calculate the remainder when 13812895 is divided by 11482.
49
Calculate the remainder when 26434679 is divided by 215.
214
What is the remainder when 114297 is divided by 5108?
1921
Calculate the remainder when 142834 is divided by 2506.
2498
Calculate the remainder when 462664 is divided by 952.
944
Calculate the remainder when 7039 is divided by 2734.
1571
Calculate the remainder when 2566958 is divided by 256660.
358
What is the remainder when 3705589 is divided by 34?
31
What is the remainder when 1622761 is divided by 202832?
105
Calculate the remainder when 91661 is divided by 5359.
558
What is the remainder when 26793 is divided by 4200?
1593
What is the remainder when 583060 is divided by 2630?
1830
What is the remainder when 1264894 is divided by 632393?
108
What is the remainder when 480926 is divided by 238914?
3098
Calculate the remainder when 824388 is divided by 274775.
63
What is the remainder when 1296929 is divided by 1489?
10
Calculate the remainder when 64632797 is divided by 100.
97
What is the remainder when 16544949 is divided by 1185?
1164
Calculate the remainder when 2692088 is divided by 538415.
13
What is the remainder when 3558866 is divided by 136877?
64
Calculate the remainder when 14579584 is divided by 1457958.
4
What is the remainder when 1178322 is divided by 1178295?
27
Calculate the remainder when 190010 is divided by 16.
10
Calculate the remainder when 16423899 is divided by 1589.
1584
What is the remainder when 420684 is divided by 4949?
19
Calculate the remainder when 4302997 is divided by 5.
2
What is the remainder when 2336297 is divided by 2336290?
7
What is the remainder when 3244621 is divided by 589?
409
What is the remainder when 27927461 is divided by 3490931?
13
What is the remainder when 15273 is divided by 1157?
232
What is the remainder when 468427 is divided by 82?
43
Calculate the remainder when 232155 is divided by 1590.
15
What is the remainder when 1395447 is divided by 1011?
267
Calculate the remainder when 16776522 is divided by 643.
9
Calculate the remainder when 2775524 is divided by 555100.
24
What is the remainder when 354